28 and 48948.
12
Calculate the greatest common divisor of 27 and 59175.
9
Calculate the highest common divisor of 204 and 657424.
68
What is the highest common divisor of 65312 and 22048?
416
Calculate the greatest common factor of 17040 and 11502.
426
What is the greatest common divisor of 18847 and 235?
47
Calculate the highest common divisor of 6160 and 216.
8
What is the greatest common factor of 8475 and 625?
25
Calculate the highest common factor of 8809 and 2507.
23
Calculate the highest common factor of 1088 and 2624.
64
What is the greatest common factor of 62270 and 7020?
130
Calculate the highest common divisor of 19482 and 6834.
102
What is the highest common divisor of 40 and 860380?
20
Calculate the greatest common factor of 113 and 12757700.
113
What is the greatest common divisor of 2213221 and 3772?
943
What is the highest common divisor of 35 and 15565?
5
Calculate the greatest common divisor of 2623 and 6893.
61
What is the highest common divisor of 720 and 470?
10
What is the greatest common divisor of 883225 and 686?
343
Calculate the greatest common factor of 1392 and 12192.
48
Calculate the highest common factor of 5894317 and 33.
11
Calculate the greatest common divisor of 217 and 670313.
217
Calculate the greatest common factor of 8313 and 12225.
489
Calculate the highest common divisor of 61791 and 645.
129
Calculate the highest common factor of 13622 and 784.
98
Calculate the highest common factor of 1200 and 31245.
15
What is the greatest common divisor of 17841 and 158691?
939
What is the greatest common factor of 666 and 13032?
18
Calculate the highest common divisor of 20 and 1234880.
20
What is the greatest common factor of 107064 and 6?
6
What is the greatest common divisor of 248775 and 225?
75
Calculate the greatest common factor of 14 and 366450.
14
Calculate the highest common factor of 42 and 2667.
21
Calculate the highest common divisor of 97419 and 21.
21
Calculate the greatest common factor of 9434 and 60787.
89
What is the highest common divisor of 779 and 4852391?
779
Calculate the highest common factor of 1211 and 301.
7
Calculate the greatest common factor of 1530 and 19080.
90
What is the greatest common divisor of 5772 and 99752?
148
What is the greatest common factor of 511247 and 374?
11
What is the highest common divisor of 338855 and 9999?
1111
What is the greatest common factor of 84 and 17323446?
42
Calculate the greatest common factor of 30409 and 188.
47
Calculate the highest common factor of 1416 and 31992.
24
Calculate the greatest common factor of 18 and 183474.
18
Calculate the highest common factor of 3458046 and 6.
6
What is the greatest common divisor of 11890 and 29870?
290
Calculate the highest common factor of 5096 and 6419.
49
What is the greatest common divisor of 8694 and 1288?
322
Calculate the highest common factor of 14067 and 354280.
521
What is the highest common factor of 127 and 13075?
1
Calculate the greatest common divisor of 15443 and 2.
1
What is the greatest common factor of 124431 and 354?
177
What is the greatest common divisor of 220 and 1669580?
220
What is the greatest common divisor of 7515 and 141115?
835
Calculate the greatest common divisor of 619 and 1.
1
What is the highest common divisor of 397097 and 928?
29
What is the highest common factor of 140 and 72020?
20
What is the greatest common divisor of 25174571 and 1627?
1627
Calculate the highest common factor of 2001 and 211439.
667
What is the highest common factor of 18 and 11889?
9
Calculate the greatest common divisor of 3784 and 517.
11
What is the highest common factor of 1043614 and 33046?
1066
Calculate the highest common divisor of 76 and 9158.
38
What is the greatest common factor of 4439 and 162506?
193
Calculate the highest common factor of 1320 and 1035.
15
What is the greatest common factor of 447 and 9903?
3
What is the highest common factor of 10792 and 2584?
152
Calculate the greatest common divisor of 2011589 and 373.
373
What is the greatest common divisor of 235 and 15839?
47
What is the greatest common divisor of 165 and 941520?
15
What is the greatest common factor of 54 and 426984?
6
What is the highest common divisor of 112932 and 72?
36
What is the greatest common factor of 44670 and 30?
30
Calculate the highest common factor of 4144 and 3143224.
2072
What is the highest common factor of 144 and 1332480?
48
What is the greatest common divisor of 323 and 4054619?
323
Calculate the greatest common factor of 1981 and 75561.
283
What is the greatest common divisor of 117580 and 15?
5
What is the highest common divisor of 1071 and 233121?
357
What is the highest common factor of 413214 and 6?
6
Calculate the greatest common divisor of 1151207 and 9961.
1423
What is the greatest common factor of 676 and 296764?
676
What is the greatest common factor of 54 and 412218?
18
What is the highest common divisor of 39950 and 16575?
425
Calculate the greatest common divisor of 282 and 985214.
94
Calculate the greatest common factor of 18377 and 1955.
391
What is the greatest common divisor of 60 and 284910?
30
Calculate the greatest common factor of 45879 and 4059.
123
Calculate the greatest common divisor of 140 and 10115.
35
Calculate the highest common divisor of 51194 and 1144.
286
Calculate the greatest common divisor of 1 and 3577.
1
What is the greatest common factor of 10 and 82735?
5
Calculate the greatest common divisor of 3180 and 1960.
20
What is the greatest common divisor of 211140 and 4760?
340
Calculate the greatest common factor of 27 and 171.
9
What is the highest common divisor of 2450149 and 26?
13
What is the highest common divisor of 84835 and 94?
47
Calculate the greatest common divisor of 211158 and 18.
18
Calculate the greatest common divisor of 74480 and 512.
16
What is the highest common divisor of 1196 and 1065958?
46
Calculate the greatest common factor of 62795 and 475.
95
Calculate the highest common factor of 13398 and 1386.
462
What is the greatest common factor of 19270 and 40?
10
Calculate the highest common factor of 20934 and 306.
18
What is the greatest common factor of 1941964 and 248?
124
Calculate the greatest common divisor of 1780 and 6140.
20
What is the greatest common factor of 7196 and 539?
7
Calculate the highest common factor of 1190 and 29393.
119
What is the highest common divisor of 178421 and 67?
67
Calculate the greatest common factor of 899 and 55854.
29
Calculate the greatest common factor of 72694 and 76.
38
What is the highest common divisor of 18 and 5431536?
18
What is the highest common divisor of 4898 and 63516?
158
Calculate the highest common factor of 52207 and 121397.
629
Calculate the greatest common divisor of 249 and 852.
3
What is the greatest common divisor of 342 and 790362?
342
What is the greatest common divisor of 654 and 57?
3
Calculate the highest common divisor of 99 and 25355.
11
What is the highest common factor of 5 and 244415?
5
Calculate the greatest common divisor of 52 and 228007.
13
What is the highest common divisor of 28327 and 39?
13
What is the highest common factor of 4113744 and 240?
48
Calculate the greatest common factor of 363 and 231.
33
Calculate the greatest common divisor of 1671 and 52915.
557
Calculate the greatest common factor of 96 and 14526.
6
Calculate the highest common divisor of 11537 and 4726.
139
Calculate the greatest common factor of 5488 and 3.
1
Calculate the highest common divisor of 1152 and 330768.
144
Calculate the highest common divisor of 722 and 75278.
38
What is the greatest common factor of 5489 and 28443?
499
What is the greatest common divisor of 54 and 6654?
6
What is the greatest common divisor of 4421445 and 21?
21
What is the greatest common divisor of 205005 and 165?
15
Calculate the greatest common divisor of 9628 and 158.
2
Calculate the highest common divisor of 27049 and 121.
11
Calculate the highest common factor of 1806 and 279762.
42
What is the greatest common divisor of 17260 and 370?
10
What is the greatest common divisor of 28 and 764036?
28
What is the greatest common divisor of 55 and 296285?
55
What is the greatest common divisor of 920 and 1130680?
920
Calculate the highest common factor of 1093331 and 1.
1
Calculate the greatest common divisor